{"id":3,"date":"2022-08-16T15:16:08","date_gmt":"2022-08-16T15:16:08","guid":{"rendered":"https:\/\/adonaigps.com\/?page_id=3"},"modified":"2022-08-17T15:52:12","modified_gmt":"2022-08-17T15:52:12","slug":"privacy-policy","status":"publish","type":"page","link":"https:\/\/adonaigps.com\/index.php\/privacy-policy\/","title":{"rendered":"Pol\u00edtica de Privacidad"},"content":{"rendered":"\n<p><strong>\u00daltima actualizaci\u00f3n Agosto 17, 202<\/strong>2<\/p>\n\n\n\n<p>Gracias por elegir ser parte de nuestra excelente cartera de clientes en ADONAIGPS. Estamos comprometidos en proteger su informaci\u00f3n personal y su derecho a la privacidad. Si tiene alguna pregunta o preocupaci\u00f3n sobre nuestra pol\u00edtica o nuestras pr\u00e1cticas respecto a su informaci\u00f3n personal, por favor cont\u00e1ctenos a adonaigps@gmail.com.<\/p>\n\n\n\n<p>Cuando visita nuestras plataformas web y utiliza nuestros servicios, conf\u00eda en nosotros con su informaci\u00f3n personal. Nos tomamos su privacidad muy en serio. En este aviso de privacidad, describimos nuestra pol\u00edtica de privacidad. Buscamos explicarte de la manera m\u00e1s clara posible qu\u00e9 informaci\u00f3n recopilamos, c\u00f3mo la utilizamos y qu\u00e9 derechos tienes en relaci\u00f3n con ella. Esperamos que se tome un tiempo para leer detenidamente, ya que es importante. Si hay t\u00e9rminos en esta pol\u00edtica de privacidad con los que no est\u00e1 de acuerdo, suspenda el uso de nuestras plataformas y nuestros servicios.<\/p>\n\n\n\n<p>Esta pol\u00edtica de privacidad se aplica a toda la informaci\u00f3n recopilada a trav\u00e9s de nuestras platormas web o m\u00f3biles&nbsp; y \/ o servicios, ventas, marketing o eventos relacionados.<\/p>\n\n\n\n<p><strong>Lea atentamente esta pol\u00edtica de privacidad, ya que le ayudar\u00e1 a tomar decisiones informadas sobre c\u00f3mo compartir su informaci\u00f3n personal con nosotros.<\/strong><\/p>\n\n\n\n<p><strong>1. \u00bfQU\u00c9 INFORMACI\u00d3N RECOPILAMOS?<\/strong><\/p>\n\n\n\n<p><strong>Informaci\u00f3n personal que nos revela<\/strong><\/p>\n\n\n\n<p><strong><em>En resumen:&nbsp;<\/em><\/strong><em>recopilamos informaci\u00f3n personal que nos proporciona, como nombre, direcci\u00f3n, informaci\u00f3n de contacto, contrase\u00f1as y datos de seguridad, e informaci\u00f3n de pago.<\/em><\/p>\n\n\n\n<p>Recopilamos informaci\u00f3n personal que nos proporciona voluntariamente al registrarse en la aplicaci\u00f3n, expresando inter\u00e9s en obtener informaci\u00f3n sobre nosotros o nuestros productos y servicios, al participar en actividades en la aplicaci\u00f3n o contactarnos de otra manera.<\/p>\n\n\n\n<p>La informaci\u00f3n personal que recopilamos depende del contexto de sus interacciones con nosotros y la aplicaci\u00f3n, las elecciones que hace y los productos y caracter\u00edsticas que utiliza. La informaci\u00f3n personal que recopilamos puede incluir lo siguiente:<\/p>\n\n\n\n<p><strong>Nombre y datos de contacto.&nbsp;<\/strong>Recopilamos su nombre y apellido, direcci\u00f3n de correo electr\u00f3nico, direcci\u00f3n, n\u00famero de tel\u00e9fono y otros datos de contacto similares.<\/p>\n\n\n\n<p><strong>Credenciales.&nbsp;<\/strong>Recopilamos contrase\u00f1as, sugerencias de contrase\u00f1as e informaci\u00f3n de seguridad similar utilizada para la autenticaci\u00f3n y el acceso a la cuenta.<\/p>\n\n\n\n<p>Datos de pago recopilamos los datos necesarios para procesar su pago si realiza compras, como su n\u00famero de instrumento de pago y el c\u00f3digo de seguridad asociado con su instrumento de pago.<\/p>\n\n\n\n<p>Toda la informaci\u00f3n personal que nos proporcione debe ser verdadera, completa y precisa, y debe notificarnos cualquier cambio a dicha informaci\u00f3n personal.<\/p>\n\n\n\n<p><strong>Informaci\u00f3n recopilada autom\u00e1ticamente<\/strong><\/p>\n\n\n\n<p><strong><em>En resumen:&nbsp;<\/em><\/strong><em>cierta informaci\u00f3n, como la direcci\u00f3n IP y \/ o las caracter\u00edsticas del navegador y del dispositivo, se recopila autom\u00e1ticamente cuando visita nuestra aplicaci\u00f3n.<\/em><\/p>\n\n\n\n<p>Recopilamos cierta informaci\u00f3n autom\u00e1ticamente cuando visita, utiliza o navega por la aplicaci\u00f3n. Esta informaci\u00f3n no revela su identidad espec\u00edfica (como su nombre o informaci\u00f3n de contacto) pero puede incluir informaci\u00f3n de uso y dispositivo, como su direcci\u00f3n IP, caracter\u00edsticas del navegador y del dispositivo, sistema operativo, preferencias de idioma, URL de referencia, nombre del dispositivo, pa\u00eds, ubicaci\u00f3n , informaci\u00f3n sobre c\u00f3mo y cu\u00e1ndo utiliza nuestra aplicaci\u00f3n y otra informaci\u00f3n t\u00e9cnica. Esta informaci\u00f3n se necesita principalmente para mantener la seguridad y el funcionamiento de nuestra aplicaci\u00f3n, y para nuestros fines de an\u00e1lisis interno e informes.<\/p>\n\n\n\n<p><strong>Informaci\u00f3n recopilada a trav\u00e9s de nuestra aplicaci\u00f3n<\/strong><\/p>\n\n\n\n<p><strong><em>En resumen:&nbsp;<\/em><\/strong><em>podemos recopilar informaci\u00f3n sobre su ubicaci\u00f3n geogr\u00e1fica, dispositivo m\u00f3vil y notificaciones cuando utiliza nuestra aplicaci\u00f3n.<\/em><\/p>\n\n\n\n<p>Si usa nuestra aplicaci\u00f3n, tambi\u00e9n podemos recopilar la siguiente informaci\u00f3n:<\/p>\n\n\n\n<ul class=\"wp-block-list\"><li><em>Informaci\u00f3n de Geo-Ubicaci\u00f3n.&nbsp;<\/em>Podemos solicitar acceso o permiso y rastrear la informaci\u00f3n basada en la ubicaci\u00f3n desde su dispositivo m\u00f3vil, ya sea de forma continua o durante el uso de nuestra aplicaci\u00f3n m\u00f3vil, para proporcionar servicios basados en la ubicaci\u00f3n. Si desea cambiar nuestro acceso o permisos, puede hacerlo en la configuraci\u00f3n de su dispositivo.<\/li><li><em>Acceso a dispositivos m\u00f3viles.&nbsp;<\/em>Podemos solicitar acceso o permiso a ciertas funciones desde su dispositivo m\u00f3vil, incluida la c\u00e1mara, los contactos, el micr\u00f3fono, el almacenamiento y otras funciones de su dispositivo m\u00f3vil. Si desea cambiar nuestro acceso o permisos, puede hacerlo en la configuraci\u00f3n de su dispositivo.<\/li><li><em>Datos del dispositivo m\u00f3vil.&nbsp;<\/em>Podemos recopilar autom\u00e1ticamente la informaci\u00f3n del dispositivo (como la identificaci\u00f3n de su dispositivo m\u00f3vil, modelo y fabricante), el sistema operativo, la informaci\u00f3n de la versi\u00f3n y la direcci\u00f3n IP.<\/li><li><em>Push Notifications.<\/em>&nbsp;Es posible que solicitemos enviarle notificaciones autom\u00e1ticas sobre su cuenta o la aplicaci\u00f3n m\u00f3vil. Si desea optar por no recibir este tipo de comunicaciones, puede desactivarlas en la configuraci\u00f3n de su dispositivo.<\/li><\/ul>\n\n\n\n<p><strong>2. \u00bfC\u00d3MO USAMOS SU INFORMACI\u00d3N?<\/strong><\/p>\n\n\n\n<p><strong><em>En resumen:&nbsp;<\/em><\/strong><em>procesamos su informaci\u00f3n para fines basados en intereses comerciales leg\u00edtimos, el cumplimiento de nuestro contrato con usted, el cumplimiento de nuestras obligaciones legales y \/ o su consentimiento.<\/em><\/p>\n\n\n\n<p>Usamos informaci\u00f3n personal recopilada a trav\u00e9s de nuestra aplicaci\u00f3n para una variedad de prop\u00f3sitos comerciales que se describen a continuaci\u00f3n. Procesamos su informaci\u00f3n personal para estos fines confiando en nuestros intereses comerciales leg\u00edtimos (\u00abProp\u00f3sitos comerciales\u00bb), para celebrar o realizar un contrato con usted (\u00abContractual\u00bb), con su consentimiento (\u00abConsentimiento\u00bb), y \/ o por el cumplimiento de nuestras obligaciones legales (\u00abRazones legales\u00bb). Indicamos los motivos de procesamiento espec\u00edficos en los que confiamos junto a cada uno de los prop\u00f3sitos enumerados a continuaci\u00f3n.<\/p>\n\n\n\n<p>Usamos la informaci\u00f3n que recopilamos o recibimos:<\/p>\n\n\n\n<ul class=\"wp-block-list\"><li><strong>Para enviarle comunicaciones de marketing y promocionales&nbsp;<\/strong>con fines comerciales y \/ o con su consentimiento. Nosotros y \/ o nuestros clientes suscritos pueden utilizar la informaci\u00f3n personal que nos env\u00ede para nuestros fines de comercializaci\u00f3n, si esto est\u00e1 de acuerdo con sus preferencias de marketing. Puede optar por no recibir nuestros correos electr\u00f3nicos de marketing en cualquier momento (consulte \u00abCU\u00c1LES SON SUS DERECHOS DE PRIVACIDAD\u00bb a continuaci\u00f3n).<\/li><li><strong>Para enviarle informaci\u00f3n administrativa con fines comerciales<\/strong>&nbsp;y \/ o posiblemente por contrato. Podemos utilizar su informaci\u00f3n personal para enviarle productos, servicios y nueva informaci\u00f3n sobre funciones y \/ o informaci\u00f3n sobre cambios en nuestros t\u00e9rminos, condiciones y pol\u00edticas.<\/li><li><strong>Cumplir y administrar sus pedidos<\/strong>&nbsp;por razones contractuales. Podemos utilizar su informaci\u00f3n para cumplir y administrar sus pedidos, pagos, devoluciones e intercambios realizados a trav\u00e9s de la aplicaci\u00f3n.<\/li><li><strong>Entregue publicidad dirigida a usted&nbsp;<\/strong>para nuestros fines comerciales y \/ o con su consentimiento. Podemos utilizar su informaci\u00f3n para desarrollar y mostrar contenido y publicidad (y trabajar con terceros que lo hagan) adaptados a sus intereses y \/ o ubicaci\u00f3n y para medir su efectividad.<\/li><li><strong>Para habilitar las comunicaciones de usuario a usuario&nbsp;<\/strong>con su consentimiento. Podemos usar su informaci\u00f3n para permitir las comunicaciones de usuario a usuario con el consentimiento de cada usuario.<\/li><li><strong>Para hacer cumplir nuestros t\u00e9rminos, condiciones y pol\u00edticas&nbsp;<\/strong>con fines comerciales y \/ o posiblemente contractuales.<\/li><li><strong>Para responder a solicitudes legales y evitar da\u00f1os&nbsp;<\/strong>por Razones legales. Si recibimos una citaci\u00f3n u otra solicitud legal, es posible que tengamos que inspeccionar los datos que tenemos para determinar c\u00f3mo responder.<\/li><li><strong>Para otros fines comerciales.<\/strong>&nbsp;Podemos utilizar su informaci\u00f3n para otros fines comerciales, como an\u00e1lisis de datos, identificaci\u00f3n de tendencias de uso, determinaci\u00f3n de la efectividad de nuestras campa\u00f1as de promoci\u00f3n y para evaluar y mejorar nuestra aplicaci\u00f3n, productos, servicios, marketing y su experiencia.<\/li><\/ul>\n\n\n\n<p><strong>3. \u00bfSU INFORMACI\u00d3N SER\u00c1 COMPARTIDA CON ALGUIEN?<\/strong><\/p>\n\n\n\n<p><strong><em>En resumen:&nbsp;<\/em><\/strong><em>solo compartimos informaci\u00f3n con su consentimiento, para cumplir con las leyes, para proteger sus derechos o cumplir con sus obligaciones comerciales.<\/em><\/p>\n\n\n\n<p>Solo compartimos y divulgamos su informaci\u00f3n en las siguientes situaciones:<\/p>\n\n\n\n<ul class=\"wp-block-list\"><li><strong>De acuerdo con las leyes.&nbsp;<\/strong>Podemos divulgar su informaci\u00f3n cuando se nos requiera legalmente para cumplir con la ley aplicable, las solicitudes gubernamentales, un procedimiento judicial, una orden judicial o un proceso legal, como por ejemplo en respuesta a una orden judicial o una citaci\u00f3n judicial (incluso en respuesta a las autoridades p\u00fablicas para cumplir con los requisitos de seguridad nacional o cumplimiento de la ley).<\/li><li><strong>Intereses vitales y derechos legales.<\/strong>&nbsp;Podemos divulgar su informaci\u00f3n cuando creemos que es necesario investigar, prevenir o tomar medidas con respecto a posibles violaciones de nuestras pol\u00edticas, sospecha de fraude, situaciones que involucren amenazas potenciales a la seguridad de cualquier persona y actividades ilegales, o como evidencia en un litigio en el cual estemos involucrados.<\/li><li><strong>Proveedores, consultores y otros proveedores de servicios de terceros.&nbsp;<\/strong>Podemos compartir sus datos con proveedores externos, proveedores de servicios, contratistas o agentes que realizan servicios para nosotros o en nuestro nombre y requieren acceso a dicha informaci\u00f3n para hacer ese trabajo. Los ejemplos incluyen: procesamiento de pagos, an\u00e1lisis de datos, entrega de correo electr\u00f3nico, servicios de alojamiento, servicio al cliente y esfuerzos de marketing. Podemos permitir que terceros seleccionados utilicen la tecnolog\u00eda de seguimiento en la aplicaci\u00f3n, lo que les permitir\u00e1 recopilar datos sobre c\u00f3mo interact\u00faa con la aplicaci\u00f3n a lo largo del tiempo. Esta informaci\u00f3n puede usarse, entre otras cosas, para analizar y rastrear datos, determinar la popularidad de cierto contenido y comprender mejor la actividad en l\u00ednea. A menos que se describa en esta Pol\u00edtica, no compartimos, vendemos, alquilamos o intercambiamos su informaci\u00f3n con terceros para fines promocionales.<\/li><li><strong>Transferencias de negocios.<\/strong>&nbsp;Podemos compartir o transferir su informaci\u00f3n en relaci\u00f3n con, o durante negociaciones de, cualquier fusi\u00f3n, venta de activos de la compa\u00f1\u00eda, financiamiento o adquisici\u00f3n de la totalidad o una parte de nuestro negocio a otra compa\u00f1\u00eda.<\/li><li><strong>Con tu consentimiento.&nbsp;<\/strong>Podemos divulgar su informaci\u00f3n personal para cualquier otro prop\u00f3sito con su consentimiento.<\/li><li><strong>Otros usuarios.&nbsp;<\/strong>Cuando comparte informaci\u00f3n personal (por ejemplo, publicando comentarios, contribuciones u otro contenido en la aplicaci\u00f3n) o interact\u00faa con \u00e1reas p\u00fablicas de la aplicaci\u00f3n, dicha informaci\u00f3n personal puede ser vista por todos los usuarios y puede distribuirse p\u00fablicamente fuera de la aplicaci\u00f3n a perpetuidad. Del mismo modo, otros usuarios podr\u00e1n ver descripciones de su actividad, comunicarse con usted en nuestra aplicaci\u00f3n y ver su perfil.<\/li><\/ul>\n\n\n\n<p><strong>4. \u00bfCU\u00c1NTO TIEMPO CONSERVAMOS SU INFORMACI\u00d3N?<\/strong><\/p>\n\n\n\n<p><strong><em>En resumen:&nbsp;<\/em><\/strong><em>conservamos su informaci\u00f3n el tiempo que sea necesario para cumplir con los fines descritos en esta pol\u00edtica de privacidad a menos que la ley lo requiera.<\/em><\/p>\n\n\n\n<p>Solo conservaremos su informaci\u00f3n personal durante el tiempo que sea necesario para los fines establecidos en esta pol\u00edtica de privacidad, a menos que la ley exija o permita un per\u00edodo de retenci\u00f3n m\u00e1s largo (como impuestos, contabilidad u otros requisitos legales). Ning\u00fan prop\u00f3sito de esta pol\u00edtica nos obligar\u00e1 a conservar su informaci\u00f3n personal por un per\u00edodo mayor al que el usuario tenga una cuenta con nosotros.<\/p>\n\n\n\n<p>Cuando no tengamos una empresa leg\u00edtima en curso para procesar su informaci\u00f3n personal, la borraremos o la anonimizamos o, si esto no es posible (por ejemplo, porque su informaci\u00f3n personal ha sido almacenada en archivos de respaldo), almacenaremos de manera segura su informaci\u00f3n personal y a\u00edslela de cualquier procesamiento posterior hasta que la eliminaci\u00f3n sea posible.<\/p>\n\n\n\n<p><strong>5. \u00bfC\u00d3MO MANTENEMOS SU INFORMACI\u00d3N SEGURA?<\/strong><\/p>\n\n\n\n<p><strong><em>En resumen:&nbsp;<\/em><\/strong><em>nuestro objetivo es proteger su informaci\u00f3n personal mediante un sistema de medidas de seguridad t\u00e9cnicas y organizativas.<\/em><\/p>\n\n\n\n<p>Hemos implementado medidas de seguridad organizacionales y t\u00e9cnicas adecuadas dise\u00f1adas para proteger la seguridad de cualquier informaci\u00f3n personal que procesamos. Sin embargo, recuerde que no podemos garantizar que Internet sea 100% seguro. Aunque haremos nuestro mejor esfuerzo para proteger su informaci\u00f3n personal, la transmisi\u00f3n de informaci\u00f3n personal hacia y desde nuestra aplicaci\u00f3n es bajo su propio riesgo. Solo debe acceder a los servicios dentro de un entorno seguro.<\/p>\n\n\n\n<p><strong>6. \u00bfRECOLECTAMOS INFORMACI\u00d3N DE MENORES DE EDAD?<\/strong><\/p>\n\n\n\n<p><strong><em>En resumen:&nbsp;<\/em><\/strong><em>no recopilamos ni comercializamos deliberadamente datos de ni\u00f1os menores de 18 a\u00f1os.<\/em><\/p>\n\n\n\n<p>No solicitamos ni comercializamos intencionalmente datos de ni\u00f1os menores de 18 a\u00f1os. Al utilizar la aplicaci\u00f3n, usted declara que tiene al menos 18 a\u00f1os o que es el padre o tutor de dicho menor y presta su consentimiento para que dicho dependiente menor use la aplicaci\u00f3n. Si descubrimos que se ha recopilado informaci\u00f3n personal de usuarios menores de 18 a\u00f1os, desactivaremos la cuenta y tomaremos medidas razonables para eliminar dichos datos de inmediato de nuestros registros. Si toma conocimiento de cualquier informaci\u00f3n que hayamos recopilado de ni\u00f1os menores de 18 a\u00f1os, cont\u00e1ctenos a info@1mas.ec.<\/p>\n\n\n\n<p><strong>7. \u00bfCU\u00c1LES SON SUS DERECHOS DE PRIVACIDAD?<\/strong><\/p>\n\n\n\n<p><strong><em>En resumen:&nbsp;<\/em><\/strong><em>puede revisar, cambiar o cancelar su cuenta en cualquier momento.<\/em><\/p>\n\n\n\n<p>Si usted reside en el Espacio Econ\u00f3mico Europeo y considera que estamos procesando ilegalmente su informaci\u00f3n personal, tambi\u00e9n tiene derecho a presentar una queja ante la autoridad de supervisi\u00f3n de protecci\u00f3n de datos local. Puede encontrar sus datos de contacto aqu\u00ed:&nbsp;<a href=\"http:\/\/ec.europa.eu\/justice\/data-protection\/bodies\/authorities\/index_en.htm\">HTTP:\/\/EC.EUROPA.EU\/JUSTICE\/DATA-PROTECTION\/BODIES\/AUTHORITIES\/INDEX_EN.HTM<\/a><\/p>\n\n\n\n<p><strong>Informaci\u00f3n de la cuenta<\/strong><\/p>\n\n\n\n<p>Si en alg\u00fan momento desea revisar o cambiar la informaci\u00f3n en su cuenta o cancelar su cuenta, puede:<\/p>\n\n\n\n<p>\u25a0&nbsp;Inicie sesi\u00f3n en la configuraci\u00f3n de su cuenta y actualice su cuenta de usuario.<\/p>\n\n\n\n<p>Tras su solicitud para cancelar su cuenta, desactivaremos o eliminaremos su cuenta y la informaci\u00f3n de nuestras bases de datos activas. Sin embargo, parte de la informaci\u00f3n se puede conservar en nuestros archivos para evitar fraudes, solucionar problemas, ayudar con cualquier investigaci\u00f3n, hacer cumplir nuestros T\u00e9rminos de uso y \/ o cumplir con los requisitos legales.<\/p>\n\n\n\n<p><strong><u>Exclusi\u00f3n del marketing por correo electr\u00f3nico:<\/u><\/strong><strong>&nbsp;<\/strong>puede darse de baja de nuestra lista de correo electr\u00f3nico de marketing en cualquier momento haciendo clic en el enlace para cancelar su suscripci\u00f3n en los correos electr\u00f3nicos que le enviamos o comunic\u00e1ndose con nosotros utilizando los detalles que se proporcionan a continuaci\u00f3n. A continuaci\u00f3n, se lo eliminar\u00e1 de la lista de correo electr\u00f3nico de marketing; sin embargo, a\u00fan necesitaremos enviarle correos electr\u00f3nicos relacionados con el servicio que sean necesarios para la administraci\u00f3n y el uso de su cuenta. Para optar por no participar, usted puede:<\/p>\n\n\n\n<p>\u25a0&nbsp;Acceda a la configuraci\u00f3n de su cuenta y actualice sus preferencias.<\/p>\n\n\n\n<p><strong>8. \u00bfHACEMOS ACTUALIZACIONES DE ESTA POL\u00cdTICA?<\/strong><\/p>\n\n\n\n<p><strong><em>En resumen:&nbsp;<\/em><\/strong><em>S\u00ed, actualizaremos esta pol\u00edtica seg\u00fan sea necesario para cumplir con las leyes pertinentes.<\/em><\/p>\n\n\n\n<p>Podemos actualizar esta pol\u00edtica de privacidad de vez en cuando. La versi\u00f3n actualizada se indicar\u00e1 con una fecha actualizada \u00abRevisada\u00bb y la versi\u00f3n actualizada entrar\u00e1 en vigencia tan pronto como sea accesible. Si realizamos cambios sustanciales a esta pol\u00edtica de privacidad, podemos notificarlo publicando de manera prominente un aviso de dichos cambios o envi\u00e1ndole directamente una notificaci\u00f3n. Le recomendamos que revise esta pol\u00edtica de privacidad con frecuencia para recibir informaci\u00f3n sobre c\u00f3mo protegemos su informaci\u00f3n.<\/p>\n\n\n\n<p><strong>9. \u00bfC\u00d3MO PUEDE CONTACTARNOS SOBRE ESTA POL\u00cdTICA?<\/strong><\/p>\n\n\n\n<p>Si tiene m\u00e1s preguntas o comentarios sobre nosotros o nuestras pol\u00edticas, env\u00edenos un correo electr\u00f3nico a adonaigps@gmail.com o <\/p>\n\n\n\n<p>Tel\u00e9fono: +593 97 964 3326<\/p>\n\n\n\n<p><strong>\u00bfC\u00d3MO PUEDE REVISAR, ACTUALIZAR O ELIMINAR LOS DATOS QUE RECOPILAMOS?<\/strong><\/p>\n\n\n\n<p>Seg\u00fan las leyes de algunos pa\u00edses, puede tener derecho a solicitar acceso a la informaci\u00f3n personal que recopilamos de usted, cambiar esa informaci\u00f3n o eliminarla en algunas circunstancias. Para solicitar la revisi\u00f3n, actualizaci\u00f3n o eliminaci\u00f3n de su informaci\u00f3n personal, env\u00ede una solicitud a adonaigps@gmail.com. Responderemos a su solicitud dentro de los 30 d\u00edas.<\/p>\n","protected":false},"excerpt":{"rendered":"<p>\u00daltima actualizaci\u00f3n Agosto 17, 2022 Gracias por elegir ser parte de nuestra excelente cartera de clientes en ADONAIGPS. Estamos comprometidos en proteger su informaci\u00f3n personal y su derecho a la privacidad. Si tiene alguna pregunta o preocupaci\u00f3n sobre nuestra pol\u00edtica<\/p>\n","protected":false},"author":1,"featured_media":0,"parent":0,"menu_order":0,"comment_status":"closed","ping_status":"open","template":"","meta":{"om_disable_all_campaigns":false,"_monsterinsights_skip_tracking":false,"_monsterinsights_sitenote_active":false,"_monsterinsights_sitenote_note":"","_monsterinsights_sitenote_category":0,"footnotes":""},"class_list":["post-3","page","type-page","status-publish","hentry"],"aioseo_notices":[],"_links":{"self":[{"href":"https:\/\/adonaigps.com\/index.php\/wp-json\/wp\/v2\/pages\/3","targetHints":{"allow":["GET"]}}],"collection":[{"href":"https:\/\/adonaigps.com\/index.php\/wp-json\/wp\/v2\/pages"}],"about":[{"href":"https:\/\/adonaigps.com\/index.php\/wp-json\/wp\/v2\/types\/page"}],"author":[{"embeddable":true,"href":"https:\/\/adonaigps.com\/index.php\/wp-json\/wp\/v2\/users\/1"}],"replies":[{"embeddable":true,"href":"https:\/\/adonaigps.com\/index.php\/wp-json\/wp\/v2\/comments?post=3"}],"version-history":[{"count":1,"href":"https:\/\/adonaigps.com\/index.php\/wp-json\/wp\/v2\/pages\/3\/revisions"}],"predecessor-version":[{"id":542,"href":"https:\/\/adonaigps.com\/index.php\/wp-json\/wp\/v2\/pages\/3\/revisions\/542"}],"wp:attachment":[{"href":"https:\/\/adonaigps.com\/index.php\/wp-json\/wp\/v2\/media?parent=3"}],"curies":[{"name":"wp","href":"https:\/\/api.w.org\/{rel}","templated":true}]}}